t v(l) = 74927*l + 1348671. Give v(-18).
-15
Let f(g) = 342*g - 6855. Calculate f(19).
-357
Let h(g) = -5*g**2 - 16*g - 416. Give h(5).
-621
Let f(q) = 2*q**3 - 13*q**2 - 13*q - 333. What is f(11)?
613
Let a(n) = -1423*n + 76681. Determine a(54).
-161
Let y(q) = -179*q**2 + 3217*q + 94. Give y(18).
4
Let v(f) = -25695*f**2 - 77092*f + 9. Determine v(-3).
30
Let l(b) = 4*b**2 + 652*b - 22349. Give l(-192).
-77
Let g(y) = 186*y - 10468. Give g(58).
320
Let v(w) = -73*w + 7801. What is v(107)?
-10
Let d(a) = -139*a**3 + 1810*a**2 - 13*a - 27. What is d(13)?
311
Let x(r) = 7*r**3 + 162*r**2 + 1884*r + 42798. Give x(-23).
-5
Let c(p) = -2*p**2 + 54*p - 1292. What is c(21)?
-1040
Let p(g) = -g**2 - 272*g + 16065. Determine p(50).
-35
Let i(g) = -4713*g**2 + 1098127*g + 453. Determine i(233).
-13
Let f(y) = 1364*y - 12066. What is f(9)?
210
Let r(i) = 2*i**3 - 437*i**2 - 3830*i - 6583. Determine r(227).
0
Let n(h) = -13*h**2 + 2233*h + 8917. Calculate n(-4).
-223
Let m(w) = w**3 + 321*w**2 + 13114*w + 2799. What is m(-273)?
69
Let i(r) = -3046*r + 2933. Determine i(1).
-113
Let b(c) = 12179*c + 499343. Give b(-41).
4
Let u(d) = -146*d**2 + 10413*d - 3346. Determine u(71).
-9
Let i(c) = -c**3 - 93*c**2 - 441*c - 86. What is i(-88)?
2
Let q(w) = w**3 + 773*w**2 - 37677*w - 2332. Calculate q(-819).
125
Let u(a) = a**3 - 714*a**2 - 10332*a - 1949. Calculate u(-14).
11
Let r(b) = -141469*b - 3961105. Determine r(-28).
27
Let k(t) = 43754*t + 131202. What is k(-3)?
-60
Let a(h) = h**3 - 21*h**2 - 56*h + 276. Give a(23).
46
Let q(b) = -32487*b + 454805. What is q(14)?
-13
Let h(o) = -132354*o - 529431. Give h(-4).
-15
Let c(f) = 2*f**3 - 4274*f**2 + 12812*f - 17051. What is c(2134)?
21
Let r(l) = 14040*l + 6626887. Calculate r(-472).
7
Let x(l) = -19921*l - 4581852. What is x(-230)?
-22
Let f(j) = j**3 - 31*j**2 - 106440*j + 3194098. Give f(30).
-2
Let c(z) = z**2 + 289*z - 34679. Give c(91).
-99
Let w(k) = -87*k**2 + 210*k + 203. Give w(3).
50
Let a(l) = 319*l**2 - 1199*l + 4. Give a(4).
312
Let y(s) = -2*s**3 + 166*s**2 + 10497*s - 155. Calculate y(-42).
-29
Let g(y) = -54*y**2 - 9080*y - 1335. Determine g(-168).
9
Let w(b) = 6*b**2 + 26*b + 251. Calculate w(-10).
591
Let r(z) = 897*z - 61013. Determine r(68).
-17
Let a(q) = -24*q**2 + q + 261. Calculate a(7).
-908
Let g(y) = 37*y**2 + 538*y + 420. What is g(-14)?
140
Let o(c) = 4211*c**2 + 21048*c - 71. Calculate o(-5).
-36
Let y(t) = 22*t**2 + 937*t - 15009. Determine y(-55).
6
Let m(f) = f**2 - 40*f - 56276. Calculate m(258).
-32
Let g(a) = -2*a**3 + 646*a**2 - 9241*a + 383. Give g(308).
75
Let p(l) = l**3 - 20*l**2 + 110*l - 1183. Calculate p(17).
-180
Let m(z) = z**3 + 16*z**2 + 19*z - 188. What is m(0)?
-188
Let l(j) = -1776*j + 2703. Give l(4).
-4401
Let d(f) = 3*f**3 - 73*f**2 - 1005*f + 24620. What is d(24)?
-76
Let s(r) = 4492*r - 31076. Calculate s(7).
368
Let m(s) = 142*s + 6022. Calculate m(-64).
-3066
Let s(x) = -21187*x - 2203479. Give s(-104).
-31
Let m(w) = 15937*w - 1099656. Calculate m(69).
-3
Let b(n) = 2358*n - 23773. Determine b(10).
-193
Let s(d) = 8358*d + 2089634. Determine s(-250).
134
Let a(h) = -22*h - 844. Determine a(-39).
14
Let a(r) = 78253*r**2 + 78246*r + 8. Give a(-1).
15
Let p(r) = -1662*r + 29608. Determine p(19).
-1970
Let p(s) = -11*s**3 - 286*s**2 - 1133*s + 466. Give p(-21).
4
Let q(b) = -b**3 + 40*b**2 - 191*b + 26. Determine q(35).
-534
Let j(z) = z**3 + 28*z**2 + 212*z + 256. Calculate j(-14).
32
Let n(s) = -s**2 - 1812*s + 163221. Determine n(86).
-7
Let s(w) = 6*w**3 + 92*w**2 + 19*w + 102. Calculate s(-16).
-1226
Let o(d) = d**2 - 13357*d + 120134. Calculate o(9).
2
Let i(h) = 33*h**2 + 7642*h - 100. What is i(-232)?
3148
Let n(f) = -614*f + 135086. Determine n(220).
6
Let u(z) = z**2 - 533*z + 48075. What is u(115)?
5
Let o(f) = -92*f**2 + 629*f - 686. Calculate o(5).
159
Let z(h) = -140*h**3 - 28*h**2 - 37*h - 8. Calculate z(-1).
141
Let u(k) = -k**3 + 44*k**2 - 180*k + 8612. Give u(45).
-1513
Let d(a) = 16*a**2 - 192*a + 179. Determine d(11).
3
Let o(n) = 1170*n + 4902. Determine o(-4).
222
Let s(n) = 2*n**3 - 2495*n**2 + 291545*n - 8942. Determine s(1117).
-6
Let s(m) = 324*m + 90033. Give s(-278).
-39
Let i(z) = -5562*z + 66. What is i(0)?
66
Let x(h) = -58*h**2 + 3187*h - 39530. What is x(36)?
34
Let p(g) = 4*g**2 + 214*g + 2392. Calculate p(-15).
82
Let k(g) = 661*g**2 + 4*g - 16. What is k(0)?
-16
Let y(s) = -765*s + 3917. Determine y(5).
92
Let t(c) = -3*c**3 + 24*c**2 + 254*c + 630. Give t(-6).
618
Let j(a) = -3*a**2 - 29*a + 519. What is j(-15)?
279
Let o(f) = 2*f**3 + 350*f**2 + 354*f + 2197. Calculate o(-174).
1153
Let c(o) = -1002*o - 69215. Give c(-69).
-77
Let q(u) = 26*u**3 + 9*u**2 + 15*u. Determine q(0).
0
Let p(h) = -569*h + 2107. Calculate p(3).
400
Let j(f) = -f**2 - 116*f + 1959. What is j(15)?
-6
Let y(c) = 33*c**3 + 8*c**2 + 136*c - 143. Give y(1).
34
Let u(m) = -3*m**3 + 749*m**2 - 686*m + 46849. Determine u(249).
37
Let s(p) = 8464*p + 1421974. What is s(-168)?
22
Let v(m) = m**2 - 190435*m - 2856723. What is v(-15)?
27
Let r(u) = -8*u**2 + 99*u + 1698. What is r(-15)?
-1587
Let k(w) = -50007*w - 1600219. Determine k(-32).
5
Let q(s) = 8*s**2 - 1200*s - 11483. What is q(-9)?
-35
Let d(g) = g**3 + 9*g**2 - 42*g - 396. What is d(-7)?
-4
Let k(z) = z**2 - 16781*z - 184718. Give k(-11).
-6
Let z(n) = -20983*n - 125906. Give z(-6).
-8
Let g(u) = 32*u**2 - 285*u + 587. What is g(6)?
29
Let i(u) = -5824*u - 1199738. What is i(-206)?
6
Let x(w) = 3*w**2 + 680*w + 5288. What is x(-8)?
40
Let n(a) = 4220*a - 21163. Give n(5).
-63
Let h(s) = -12*s**3 + 70*s + 182. Give h(-4).
670
Let x(r) = -3*r**2 - 92*r + 49499. Give x(114).
23
Let n(i) = -5903*i - 241807. Calculate n(-41).
216
Let t(x) = -12*x**2 - 251*x - 313. What is t(-20)?
-93
Let a(o) = -3*o**2 - 287*o - 1864. Determine a(-7).
-2
Let s(g) = 65*g**3 + 5*g**2 - 210*g + 205. What is s(1)?
65
Let m(u) = 203*u**2 - 1103*u - 3314. What is m(-3)?
1822
Let i(y) = 3510*y + 91275. Give i(-26).
15
Let v(j) = -4*j**2 + 1579*j + 6375. Calculate v(-4).
-5
Let v(f) = 283*f - 4392. What is v(15)?
-147
Let q(h) = 4*h**3 - 267*h**2 + 935*h + 626. Give q(63).
-4
Let m(x) = -202*x - 51379. What is m(-261)?
1343
Let v(h) = 34*h**2 - 17614*h + 52852. What is v(3)?
316
Let c(j) = -4455*j + 3042735. Give c(683).
-30
Let n(c) = -2*c**3 + 146*c**2 + 2421*c - 191. Determine n(-14).
19
Let v(u) = 4*u**2 + 276946*u - 830865. What is v(3)?
9
Let n(k) = -4*k**2 - 125*k - 516. Give n(-35).
-1041
Let h(g) = 2*g**3 + 27*g**2 - 5309*g + 1979. Calculate h(45).
-1
Let m(l) = -l**3 + 258*l**2 + 9265*l - 467. Determine m(-32).
13
Let b(f) = f**2 - 700*f - 1007. Calculate b(0).
-1007
Let g(o) = o**2 - 22*o - 380. Give g(18).
-452
Let a(b) = 31*b**2 - 584*b - 2310. Give a(-4).
522
Let l(r) = 30*r**2 + 546*r + 87. Calculate l(-17).
-525
Let j(y) = 2*y**2 - 4187*y + 17. Give j(0).
17
Let t(f) = 2*f**3 + 569*f**2 + 5218*f - 1908. Calculate t(-275).
17
Let z(t) = -33*t**2 - 576*t - 1032. Give z(-16).
-264
Let r(u) = 5*u**2 + 53*u + 97. Give r(-21).
1189
Let b(h) = 128*h**2 + 2681*h - 127. Calculate b(-21).
20
Let f(o) = -2*o**3 - 29*o**2 - 52. Determine f(-14).
-248
Let y(p) = -116614*p + 2332285. What is y(20)?
5
Let t(g) = -68556*g - 685660. Determine t(-10).
-100
Let k(b) = -b**3 + 81*b**2 - 717*b + 178. Determine k(10).
108
Let q(b) = -41*b**2 - 1828*b + 752. Calculate q(-45).
-13
Let n(w) = w**3 + 55*w**2 + 1027*w + 6142. Calculate n(-12).
10
Let g(t) = -55*t**3 + 4*t**2 - 21*t + 37. Determine g(3).
-1475
Let w(h) = 1169*h**2 - 31567*h + 103. Determine w(27).
-5
Let z(j) = j**3 + 71*j**2 + 477*j + 68. Calculate z(-7).
-135
Let k(s) = 1200*s - 93959. Give k(78).
-359
Let h(a) = -a**3 - 153*a**2 - 155*a - 305. Calculate h(-152).
151
Let b(g) = 2*g**2 + 110*g - 1454. Give b(12).
154
Let d(i) = -831*i - 1155. What is d(-3)?
1338
Let c(v) = 8*v**2 + 461*v - 3919. Give c(-65).
-84
Let x(w) = 952*w**2 - 1776*w - 264. Determine x(2).
-8
Let d(x) = -3796*x + 2520534. Calculate d(664).
-10
Let i(c) = -46754*c - 233775. Determine i(-5).
-5
Let m(g) = 556*g - 2551. Determine m(3).
-883
Let l(g) = g**3 - 3*g**2 - 25008*g - 124848. What is l(-5)?
-8
Let j(v) = -7*v**3 - 68*v**2 + 291*v + 11. What is j(4)?
-361
Let c(a) = -29957*a + 5